 = 404*d - 409*d. What are the prime factors of d?
2, 13633
Let k be (-53485)/65 - 20/130. Let r = k + 862. What are the prime factors of r?
3, 13
Suppose 6*j - 3 = 39. Suppose j*v - 5*v = -4*c + 326, 4*v = 4*c + 712. What are the prime factors of v?
173
Let m(w) = -4*w**3 - 2*w**2 + 20*w + 40. Let h = 99 - 107. What are the prime factors of m(h)?
2, 3, 5
List the prime factors of (-14859 + -23)*15/(-10).
3, 7, 1063
Suppose -8*k - 3 = -75. Suppose k*d - 2280 = -2*n + 11*d, 3*n - 2*d - 3424 = 0. What are the prime factors of n?
2, 11, 13
Let f = 15588 + -350. List the prime factors of f.
2, 19, 401
Suppose 8*h - 82 = 110. Suppose -3*z = -2*y + 22, -5*z - h = y - 9. List the prime factors of (z/(-12) - 392/(-12)) + 2.
5, 7
Let u(t) = -t**3 - 37*t**2 - 168*t + 7. Let c be -37 - ((-20)/4 - 0). What are the prime factors of u(c)?
263
Suppose -4*x + 18096 = -0*o - 2*o, -2*x - 4*o + 9018 = 0. What are the prime factors of x?
3, 11, 137
Suppose -3*v = -9*v + 23976. Let p be (v/(-24) + -1*3)*-2. What are the prime factors of (p/15 - (-2)/5)*4?
2, 23
Suppose 0 = 2*i + 2*z - 47272, -5*i = -z - 90210 - 27970. List the prime factors of i.
2, 19, 311
What are the prime factors of (-76 - -85) + -3 + (5239 - -3)?
2, 41
Suppose 7*h - 3*h + 556 = 0. Let y be -3 + 3*(-2)/(-6) + h. Let t = y + 240. What are the prime factors of t?
3, 11
Let k(s) = 2*s**2 - s. Let x be k(-2). Let u be 2/x + (-2 - (-144)/30). Suppose -u*c + 114 = 4*p - 82, 0 = 2*c. What are the prime factors of p?
7
Suppose t + 10 = 5*p, 4*p - 7 = t - 0*t. Let a be -203*p/(-12)*4. Suppose -2*o + a + 25 = 0. What are the prime factors of o?
2, 3, 19
Suppose 0 = -2*y - 4, -11554 = -5*c - y - 2*y. Suppose 5*f - c = -3*w, 590 + 177 = w - 2*f. What are the prime factors of w?
769
Suppose 31*y - 32*y + 7115 = h, 3*y = 4*h - 28439. List the prime factors of h.
2, 7, 127
Let u = 82 + 14. Suppose 5*d + 2*x - u = 0, -5*d - 3*x + 45 = -3*d. List the prime factors of 34*((0 - d/(-4)) + -2).
5, 17
Let d = -31980 - -49522. What are the prime factors of d?
2, 7, 179
Suppose -2*h = 4*u - 4 - 136, 0 = 5*u - 3*h - 197. Suppose 33*c + 3392 = u*c + 4*w, -w + 3392 = 4*c. What are the prime factors of c?
2, 53
Let h(x) = 5363*x**2 - 39*x - 63. List the prime factors of h(-2).
21467
Let x(g) = 3*g**2 + 51*g + 4787. List the prime factors of x(-108).
43, 797
Let t be -1401*(2 - (-1)/(3/(-7))). Let n = 684 - t. What are the prime factors of n?
7, 31
Suppose 122666 = 4*g + 2*q, g + 18*q - 30680 = 22*q. List the prime factors of g.
2, 11, 17, 41
Suppose 15*y + 18760 + 14296 = 455606. What are the prime factors of y?
2, 3, 5, 313
Suppose -5*m - 3*z + 57362 = 0, -32*m + 4*z = -30*m - 22924. What are the prime factors of m?
2, 5, 31, 37
Suppose 25 = 92*z - 87*z. Suppose -181 + 961 = z*c. List the prime factors of c.
2, 3, 13
Let p be (-2)/(-10) + 129/(-645). Suppose 5*s = -4*i + 2321, 6*s - 5*s - 2*i - 467 = p. List the prime factors of s.
3, 5, 31
Suppose 0 = 141*v - 336*v + 4052490. What are the prime factors of v?
2, 10391
Let f(b) = -2*b**2 + 7*b + 27. Let d be f(6). Let i(x) be the first derivative of -6*x**2 + 3*x - 5. List the prime factors of i(d).
3, 13
Suppose 0 = 26*g - 24*g - 6*g + 308532. List the prime factors of g.
3, 7, 3673
Let y(n) = 29*n - 67. Let u be y(-17). Let s = -326 - u. What are the prime factors of s?
2, 3, 13
Suppose -4*i + 51320 = -28*i + 193928. What are the prime factors of i?
2, 2971
Suppose -51*j + 224*j = 2892767 + 366034. What are the prime factors of j?
3, 7, 13, 23
Let c(w) = 515*w + 4. Let v be c(1). Suppose 35*s = 32*s + v. What are the prime factors of s?
173
Let f(m) = 654*m + 5682. List the prime factors of f(44).
2, 3, 5743
Let x be 4/(-6)*-42*3. Suppose 0 = x*n - 76*n - 6536. List the prime factors of n.
19, 43
Let m(g) = 30*g + 16. Let n be m(-14). List the prime factors of -2*(-2)/4 - (n - -1).
2, 101
Let c(q) = 10*q + 70. Let i be c(-20). Let b = i - -127. Let w(o) = -5*o**3 + 3*o**2 - 4*o - 9. What are the prime factors of w(b)?
3, 5, 11
Let y be 538/(6/6 + 9/(-15)). Let w = -917 + y. List the prime factors of w.
2, 107
Let h(s) = 3*s**2 - 38*s + 963. List the prime factors of h(58).
53, 167
Let w(l) = 2*l**2 - 76. Let t be w(8). Suppose -j = o + 3*j - t, 188 = 5*o + 2*j. List the prime factors of o.
2, 3
Suppose 2*f + 4*j - 100 = 32, -5*f = -2*j - 330. Let m = f - -17. List the prime factors of m.
83
Suppose 0*q = -q + 2592. Suppose 5*w - w = q. Suppose -8*g = -2*g - w. List the prime factors of g.
2, 3
Let m = 24717 - 11030. What are the prime factors of m?
13687
Let t be 4/(12/3) + 8. Suppose -7*v + t*v - 166 = 0. Let b = v - -3. List the prime factors of b.
2, 43
Suppose -10*a = -6*a - 48. Let v(q) = -7*q + 16. Let f be v(a). Let x = -18 - f. What are the prime factors of x?
2, 5
What are the prime factors of 102702*(9 + -4*(-51)/(-24))?
3, 17117
Let j(t) = -48*t**3 - 15*t**2 - 34*t - 56. List the prime factors of j(-9).
7, 4861
Suppose 2*l + f = -27, -16*f + 18*f = 4*l + 74. Let z(j) be the third derivative of -13*j**4/24 - 29*j**3/6 + j**2. What are the prime factors of z(l)?
179
Let v be 4/1 - 33/3. Let x(p) = p**2 - p - 54. Let d be x(v). Suppose -5*o - 3*c + 846 = -6*c, 0 = -d*o - 2*c + 332. What are the prime factors of o?
2, 3, 7
Suppose 4*o - 2*s + 23 = s, 2*o = -s + 1. Let b be 1*2/o - (-1 - 1). Let k = 51 - b. List the prime factors of k.
2, 5
Let y = 16595 + -4976. List the prime factors of y.
3, 1291
Let h(a) = 24*a**2 + 118*a - 200. What are the prime factors of h(24)?
2, 11, 17
Suppose -192 = 4*i + 84. Let b = -66 - i. Suppose b*q + 22 = 277. List the prime factors of q.
5, 17
Suppose 11*d - 15*d = -5*q - 87697, 0 = -2*d + 2*q + 43852. What are the prime factors of d?
3, 2437
Let g(c) = 9*c - 50. Let u(k) = 5*k - 25. Let w(p) = -6*g(p) + 11*u(p). Let h be w(-15). List the prime factors of (-10)/(-25) + (-2 - (-296)/h).
2, 7
List the prime factors of 8690 - 21*(1 + (-4)/6).
19, 457
Let k = 46 + 0. Suppose 8*v = k*v - 29488. What are the prime factors of v?
2, 97
Let t = 1843 + -2792. Let h = -289 - t. What are the prime factors of h?
2, 3, 5, 11
Let t(v) = 651*v + 812. List the prime factors of t(10).
2, 7, 523
Suppose 2*q = -4*f + 4, 5*q = -4*f - 2 - 0. Suppose 1363 = 3*d - f*n + 3*n, -2271 = -5*d - n. List the prime factors of d.
2, 227
Let l(m) = 145*m - 5. Let v be l(-2). Let k = v - 158. List the prime factors of (-2)/10 - k/15.
2, 3, 5
Suppose 954*n - 952*n = 4942. What are the prime factors of n?
7, 353
Suppose 0 = 14*l - 121803 - 95799. What are the prime factors of l?
3, 11, 157
Let b(c) = c**2 + 1. Let v be b(0). Let d(z) = -z - 3. Let t be d(v). List the prime factors of 4*-1 + (t - -19).
11
Let v(z) = -95*z**3 + 2*z**2 + 3*z + 8. Let r = 808 - 810. What are the prime factors of v(r)?
2, 5, 7, 11
Suppose -2*x + 7*x - 10 = 0. Suppose -707 = -x*w + 583. List the prime factors of w.
3, 5, 43
Let n = -999 - -1688. Suppose 96*s - 95*s = n. What are the prime factors of s?
13, 53
Let d(x) = 19*x**2 - 68*x - 414. List the prime factors of d(-22).
2, 3, 571
Suppose 4*l = -3*z - 17, 0 = -l - 0*z - 2*z - 8. Let r = 4 + l. Suppose -50 = -4*u - 2*h, 3*h + r*h = -3*u + 34. List the prime factors of u.
13
Let k(p) = -p**2 - 33*p - 97. Let j(t) = -t**3 - 9*t**2 - 10*t + 25. Let f be j(-6). List the prime factors of k(f).
7, 19
Let v(x) be the third derivative of 7*x**4/8 - 2*x**3 - 34*x**2. Let t be v(12). What are the prime factors of (-1)/(5/(-4)) + 22128/t?
3, 31
Let k(t) = 4412*t**2 + 237*t + 236. List the prime factors of k(-1).
11, 401
Let d = 342 + -349. Let z(x) = -106*x + 203. List the prime factors of z(d).
3, 5, 7
Let f = 94 + -83. Let i be 3/15*f + 2/(-10). Let k(a) = 36*a - 16. List the prime factors of k(i).
2, 7
Suppose 2*a + 4 = -2*a, 5*c + 5*a - 10 = 0. Let l(h) = 22*h**2 - 10*h + 21 - 15*h**2 + 13 - c*h**2. List the prime factors of l(5).
2, 3, 7
Let s(r) = -99*r + 67. Suppose 3*a + 16 - 28 = 0, 3*y - 5*a + 35 = 0. List the prime factors of s(y).
2, 281
Let h(v) = v**2 - 5*v + 48. Let d be h(-25). Suppose 37*f - 44*f + d = 0. List the prime factors of f.
2, 3, 19
Let k(m) = 9008*m + 29. List the prime factors of k(1).
7, 1291
Let c be 3 + 130/(-12) - 5/30. List the prime factors of 656 + 0 + (0 - c - 12).
2, 163
Let f = 877 - -379. Suppose -3*g